{"id":99,"date":"2020-06-12T09:52:33","date_gmt":"2020-06-12T09:52:33","guid":{"rendered":"https:\/\/internet360.nl\/welthof\/?page_id=99"},"modified":"2021-01-13T11:07:11","modified_gmt":"2021-01-13T11:07:11","slug":"etalons","status":"publish","type":"page","link":"https:\/\/www.welthof.be\/fr\/hengsten\/","title":{"rendered":"\u00e9talons"},"content":{"rendered":"<section  class='av_textblock_section av-kgj5mixs-e6961fcc65dc2a38042eddc7e436d6ec'   itemscope=\"itemscope\" itemtype=\"https:\/\/schema.org\/CreativeWork\" ><div class='avia_textblock'  itemprop=\"text\" ><p>Chez Stoeterij &#039;t Welthof, nous sommes fiers de nos \u00e9talons. Notre Lucky&#039;s Son van &#039;t Welthof travaille avec le cavalier olympique Albert Voorn.<\/p>\n<p>Vous n&#039;achetez pas d&#039;\u00e9talon mais pr\u00e9f\u00e9rez la semence ? Qui peut. Chez &#039;t Welthof, nous sommes heureux de vous aider avec le sperme de notre \u00e9talon pour votre jument.<\/p>\n<p><a href=\"https:\/\/www.welthof-horses.com\/contact\/\" target=\"_blank\" rel=\"noopener\"><u>N&#039;h\u00e9sitez pas \u00e0 nous contacter<\/u><\/a> en savoir plus sur notre \u00e9talon.<\/p>\n<\/div><\/section>\n\n<style type=\"text\/css\" data-created_by=\"avia_inline_auto\" id=\"style-css-av-1lmx7-1311e64ba3661eab904500e92a6b65ba\">\n.flex_column.av-1lmx7-1311e64ba3661eab904500e92a6b65ba{\nborder-radius:0px 0px 0px 0px;\npadding:0px 0px 0px 0px;\n}\n<\/style>\n<div  class='flex_column av-1lmx7-1311e64ba3661eab904500e92a6b65ba av_one_third  avia-builder-el-1  el_after_av_textblock  el_before_av_one_third  first flex_column_div av-zero-column-padding  column-top-margin'     ><\/div>\n\n<style type=\"text\/css\" data-created_by=\"avia_inline_auto\" id=\"style-css-av-rg6z-dd2ba7684c11616895688efdb45534c5\">\n.flex_column.av-rg6z-dd2ba7684c11616895688efdb45534c5{\nborder-radius:0px 0px 0px 0px;\npadding:0px 0px 0px 0px;\n}\n<\/style>\n<div  class='flex_column av-rg6z-dd2ba7684c11616895688efdb45534c5 av_one_third  avia-builder-el-2  el_after_av_one_third  el_before_av_one_third  flex_column_div av-zero-column-padding  column-top-margin'     ><div  id=\"av-sc-portfolio-1\"  class=\"av-portfolio-grid-sorting-container\"><div class='sort_width_container  av-sort-yes' data-portfolio-id='1' ><div id='js_sort_items' ><div class='sort_by_cat hidden'><a href=\"#\" data-filter=\"all_sort\" class=\"all_sort_button active_sort\"><span class=\"inner_sort_button\"><span>Tout<\/span><small class=\"av-cat-count\"> 1 <\/small><\/span><\/a><span class=\"text-sep hengsten_sort_sep\">\/<\/span><a href=\"#\" data-filter=\"hengsten_sort\" class=\"hengsten_sort_button\" ><span class=\"inner_sort_button\"><span>\u00e9talons<\/span><small class=\"av-cat-count\"> 1 <\/small><\/span><\/a><\/div><\/div><\/div><div  class='grid-sort-container isotope   no_margin-container with-excerpt-container grid-total-odd grid-col-1 grid-links-' data-portfolio-id='1'><div data-ajax-id='18' class='grid-entry flex_column isotope-item all_sort no_margin post-entry post-entry-18 grid-entry-overview grid-loop-1 grid-parity-odd  post-entry-last  hengsten_sort sportstal_sort  av_fullwidth first default_av_fullwidth'><article class='main_color inner-entry'  itemscope=\"itemscope\" itemtype=\"https:\/\/schema.org\/CreativeWork\" ><a href=\"https:\/\/www.welthof.be\/fr\/portfolio-item\/luckys-son-van-t-welthof\/\" title=\"Le fils de Lucky van &#039;t Welthof\" data-rel=\"grid-1\" class=\"grid-image avia-hover-fx\"> <img decoding=\"async\" fetchpriority=\"high\" width=\"640\" height=\"366\" src=\"https:\/\/www.welthof.be\/wp-content\/uploads\/2020\/06\/Luckys-son.jpg\" class=\"wp-image-761 avia-img-lazy-loading-not-761 attachment-no scaling size-no scaling wp-post-image\" alt=\"\" srcset=\"https:\/\/www.welthof.be\/wp-content\/uploads\/2020\/06\/Luckys-son.jpg 640w, https:\/\/www.welthof.be\/wp-content\/uploads\/2020\/06\/Luckys-son-300x172.jpg 300w\" sizes=\"(max-width: 640px) 100vw, 640px\" \/><\/a><div class='grid-content'><div class='avia-arrow'><\/div><header class=\"entry-content-header\" aria-label=\"Portfolio : Lucky&#039;s Son van &#039;t Welthof\"><h3 class='grid-entry-title entry-title'  itemprop=\"headline\" ><a href=\"https:\/\/www.welthof.be\/fr\/portfolio-item\/luckys-son-van-t-welthof\/\" title=\"Le fils de Lucky van &#039;t Welthof\">Le fils de Lucky van &#039;t Welthof<\/a><\/h3><\/header><div class='grid-entry-excerpt entry-content'  itemprop=\"text\" ><b>*05-06-2011<b>\r\n<br>\r\n<b>*\u00c9talon<b>\r\n<br>\r\n<b>*\u00a0BWP<b>\r\n<br>\r\n<b>*Marron<b>\r\n<br>\r\n\r\n<br>\r\nVerdi x Lucky Luke x Rigoletto<\/div><\/div><footer class=\"entry-footer\"><\/footer><\/article><\/div><\/div><\/div>   <!--   class=\"av-portfolio-grid-sorting-container\"  --><\/div>\n\n<style type=\"text\/css\" data-created_by=\"avia_inline_auto\" id=\"style-css-av-15xhn-6c3b52af634f932d7423054e6cba9705\">\n.flex_column.av-15xhn-6c3b52af634f932d7423054e6cba9705{\nborder-radius:0px 0px 0px 0px;\npadding:0px 0px 0px 0px;\n}\n<\/style>\n<div  class='flex_column av-15xhn-6c3b52af634f932d7423054e6cba9705 av_one_third  avia-builder-el-4  el_after_av_one_third  avia-builder-el-last  flex_column_div av-zero-column-padding  column-top-margin'     ><\/div>","protected":false},"excerpt":{"rendered":"","protected":false},"author":1,"featured_media":0,"parent":0,"menu_order":0,"comment_status":"closed","ping_status":"closed","template":"","meta":{"_acf_changed":false,"footnotes":""},"class_list":["post-99","page","type-page","status-publish","hentry"],"acf":[],"_links":{"self":[{"href":"https:\/\/www.welthof.be\/fr\/wp-json\/wp\/v2\/pages\/99","targetHints":{"allow":["GET"]}}],"collection":[{"href":"https:\/\/www.welthof.be\/fr\/wp-json\/wp\/v2\/pages"}],"about":[{"href":"https:\/\/www.welthof.be\/fr\/wp-json\/wp\/v2\/types\/page"}],"author":[{"embeddable":true,"href":"https:\/\/www.welthof.be\/fr\/wp-json\/wp\/v2\/users\/1"}],"replies":[{"embeddable":true,"href":"https:\/\/www.welthof.be\/fr\/wp-json\/wp\/v2\/comments?post=99"}],"version-history":[{"count":16,"href":"https:\/\/www.welthof.be\/fr\/wp-json\/wp\/v2\/pages\/99\/revisions"}],"predecessor-version":[{"id":1094,"href":"https:\/\/www.welthof.be\/fr\/wp-json\/wp\/v2\/pages\/99\/revisions\/1094"}],"wp:attachment":[{"href":"https:\/\/www.welthof.be\/fr\/wp-json\/wp\/v2\/media?parent=99"}],"curies":[{"name":"wp","href":"https:\/\/api.w.org\/{rel}","templated":true}]}}

étalons

<section  class='av_textblock_section av-kgj5mixs-e6961fcc65dc2a38042eddc7e436d6ec'   itemscope="itemscope" itemtype="https://schema.org/CreativeWork" ><div class='avia_textblock'  itemprop="text" ><p>Chez Stoeterij &#039;t Welthof, nous sommes fiers de nos étalons. Notre Lucky&#039;s Son van &#039;t Welthof travaille avec le cavalier olympique Albert Voorn.</p>
<p>Vous n&#039;achetez pas d&#039;étalon mais préférez la semence ? Qui peut. Chez &#039;t Welthof, nous sommes heureux de vous aider avec le sperme de notre étalon pour votre jument.</p>
<p><a href="https://www.welthof-horses.com/contact/" target="_blank" rel="noopener"><u>N&#039;hésitez pas à nous contacter</u></a> en savoir plus sur notre étalon.</p>
</div></section>

<style type="text/css" data-created_by="avia_inline_auto" id="style-css-av-1lmx7-1311e64ba3661eab904500e92a6b65ba">
.flex_column.av-1lmx7-1311e64ba3661eab904500e92a6b65ba{
border-radius:0px 0px 0px 0px;
padding:0px 0px 0px 0px;
}
</style>
<div  class='flex_column av-1lmx7-1311e64ba3661eab904500e92a6b65ba av_one_third  avia-builder-el-1  el_after_av_textblock  el_before_av_one_third  first flex_column_div av-zero-column-padding  column-top-margin'     ></div>

<style type="text/css" data-created_by="avia_inline_auto" id="style-css-av-rg6z-dd2ba7684c11616895688efdb45534c5">
.flex_column.av-rg6z-dd2ba7684c11616895688efdb45534c5{
border-radius:0px 0px 0px 0px;
padding:0px 0px 0px 0px;
}
</style>
<div  class='flex_column av-rg6z-dd2ba7684c11616895688efdb45534c5 av_one_third  avia-builder-el-2  el_after_av_one_third  el_before_av_one_third  flex_column_div av-zero-column-padding  column-top-margin'     ><div  id="av-sc-portfolio-1"  class="av-portfolio-grid-sorting-container"><div class='sort_width_container  av-sort-yes' data-portfolio-id='1' ><div id='js_sort_items' ><div class='sort_by_cat hidden'><a href="#" data-filter="all_sort" class="all_sort_button active_sort"><span class="inner_sort_button"><span>Tout</span><small class="av-cat-count"> 1 </small></span></a><span class="text-sep hengsten_sort_sep">/</span><a href="#" data-filter="hengsten_sort" class="hengsten_sort_button" ><span class="inner_sort_button"><span>étalons</span><small class="av-cat-count"> 1 </small></span></a></div></div></div><div  class='grid-sort-container isotope   no_margin-container with-excerpt-container grid-total-odd grid-col-1 grid-links-' data-portfolio-id='1'><div data-ajax-id='18' class='grid-entry flex_column isotope-item all_sort no_margin post-entry post-entry-18 grid-entry-overview grid-loop-1 grid-parity-odd  post-entry-last  hengsten_sort sportstal_sort  av_fullwidth first default_av_fullwidth'><article class='main_color inner-entry'  itemscope="itemscope" itemtype="https://schema.org/CreativeWork" ><a href="https://www.welthof.be/fr/portfolio-item/luckys-son-van-t-welthof/" title="Le fils de Lucky van &#039;t Welthof" data-rel="grid-1" class="grid-image avia-hover-fx"> <img decoding="async" fetchpriority="high" width="640" height="366" src="https://www.welthof.be/wp-content/uploads/2020/06/Luckys-son.jpg" class="wp-image-761 avia-img-lazy-loading-not-761 attachment-no scaling size-no scaling wp-post-image" alt="" srcset="https://www.welthof.be/wp-content/uploads/2020/06/Luckys-son.jpg 640w, https://www.welthof.be/wp-content/uploads/2020/06/Luckys-son-300x172.jpg 300w" sizes="(max-width: 640px) 100vw, 640px" /></a><div class='grid-content'><div class='avia-arrow'></div><header class="entry-content-header" aria-label="Portfolio : Lucky&#039;s Son van &#039;t Welthof"><h3 class='grid-entry-title entry-title'  itemprop="headline" ><a href="https://www.welthof.be/fr/portfolio-item/luckys-son-van-t-welthof/" title="Le fils de Lucky van &#039;t Welthof">Le fils de Lucky van &#039;t Welthof</a></h3></header><div class='grid-entry-excerpt entry-content'  itemprop="text" ><b>*05-06-2011<b>
<br>
<b>*Étalon<b>
<br>
<b>* BWP<b>
<br>
<b>*Marron<b>
<br>

<br>
Verdi x Lucky Luke x Rigoletto</div></div><footer class="entry-footer"></footer></article></div></div></div>   <!--   class="av-portfolio-grid-sorting-container"  --></div>

<style type="text/css" data-created_by="avia_inline_auto" id="style-css-av-15xhn-6c3b52af634f932d7423054e6cba9705">
.flex_column.av-15xhn-6c3b52af634f932d7423054e6cba9705{
border-radius:0px 0px 0px 0px;
padding:0px 0px 0px 0px;
}
</style>
<div  class='flex_column av-15xhn-6c3b52af634f932d7423054e6cba9705 av_one_third  avia-builder-el-4  el_after_av_one_third  avia-builder-el-last  flex_column_div av-zero-column-padding  column-top-margin'     ></div>
